e q(43). What is the greatest common divisor of 32 and b?
4
Let l(p) = -231*p + 558. Let o be l(1). What is the highest common divisor of o and 2071?
109
Suppose 574 = 29*i - 25*i - 5*k, 556 = 4*i + 4*k. Calculate the highest common factor of 8319 and i.
141
Let y(i) = 2*i**2 - 32*i + 32. Let s be y(15). Let a be s/(-5 + (-1005)/(-200)). What is the greatest common factor of a and 60?
20
Suppose 5*p - 1015 = -5*f + 3*p, -3*f + p + 620 = 0. Suppose -f = -5*d - 25. What is the greatest common factor of 198 and d?
18
Let g(p) be the second derivative of -p**4/12 + 7*p**3/3 - 10*p**2 + 26*p. Let m be g(11). Let h = -54 + 80. What is the highest common divisor of h and m?
13
Suppose -p + 2459 = 5*x - 0*p, 2*x - 3*p - 970 = 0. Let g = x - 275. Suppose 0 = -6*q + 3*q + g. Calculate the greatest common factor of 12 and q.
12
Let q(z) be the third derivative of -5*z**4/24 + 13*z**3/6 + 48*z**2. Let a be q(-13). Calculate the highest common factor of a and 702.
78
Let b be (1*10)/(-2) + -512 + 3. Let h = b + 554. Let g be 8/10*(3 + 7). What is the greatest common factor of h and g?
8
Suppose -570 = -2*c + 6*r - 4*r, -5*r = 0. What is the highest common factor of c and 1235?
95
Let s = 133 - 253. Let i be s/(-14) - 8/14. Calculate the greatest common factor of i and 44.
4
Suppose 22*g - 17*g = 30. Let q be 0 - (357 + (g - 3)). Let y be (-7)/2*q/70. Calculate the greatest common divisor of y and 27.
9
Let x(u) be the second derivative of 79*u**3/6 + 107*u**2 + 72*u - 1. Let j be x(11). What is the highest common divisor of 57 and j?
57
Suppose 0 = -5*r - 4*b + 14, 2*b - 4 = 3*r - 30. Let v be (3/r)/(8/128). Calculate the greatest common divisor of v and 20.
4
Suppose 8*w - 3*w - 20 = 0. Suppose w*i - 11 = 9. Suppose 0 = -0*j - i*j + 100. What is the highest common divisor of 50 and j?
10
Let d = -81 - -98. Suppose -2*p + 29 = o, -p = -7*o + 8*o - d. What is the greatest common factor of 36 and p?
12
Let s = -614 - -622. Let r(m) = -m**2 + 46*m + 71. Let k be r(39). What is the highest common factor of k and s?
8
Let d = -387 - -391. Suppose 3*v + 4*c - 128 = -0*v, 16 = v - d*c. Let w = 10 + -6. Calculate the highest common factor of v and w.
4
Suppose -1649 - 1201 = -30*r. Let n(t) = 39*t**3 - t. Let h be n(1). Calculate the greatest common divisor of h and r.
19
Suppose 2*t - 9*l - 48 = -1, 0 = 2*t - 5*l - 59. Calculate the greatest common divisor of t and 4329.
37
Suppose -2*i = -9*h + 8516, 4*i = -2*h + 2*i + 1890. Calculate the highest common divisor of 1118 and h.
86
Let s be (1/(-3))/((-131)/(-6) + -22). Let x(b) = -5*b**3 + 3*b**2 + b. Let d be x(-2). Calculate the greatest common factor of d and s.
2
Let l(q) = 180*q**2 - 9*q - 24. Let n be l(-2). Calculate the greatest common divisor of n and 56.
14
Suppose -24*c - 650 = -26*c - 5*m, -4*m = -c + 364. What is the greatest common divisor of 89420 and c?
340
Suppose -37*v + 38750 + 20433 = 14339. Calculate the greatest common factor of v and 12.
12
Suppose 28*p - 3358 = -45*p. Calculate the greatest common divisor of 391 and p.
23
Let z(s) = -2*s**2 + 51*s - 87. Let u be z(7). Calculate the greatest common factor of 2623 and u.
43
Let s = -253 + 312. Let d = s + -49. What is the greatest common factor of 100 and d?
10
Let m = -10231 + 11131. Calculate the greatest common factor of m and 144.
36
Let b(f) = 13*f + 5. Let k be b(5). Let h = -39886 + 39906. What is the greatest common factor of k and h?
10
Suppose -3457*u - 546 = -3484*u + 25293. What is the highest common factor of u and 87?
87
Suppose 0 = -5*s - 40 + 115. Let v(z) = -4*z**2 + 36*z + 7. Let x be v(s). Let j be x/(-4) - (-12)/(-48). What is the greatest common factor of j and 11?
11
Let v(q) = q**2 - 88*q + 1271. Let f be v(16). What is the highest common factor of f and 5729?
17
Let r(b) = b + 11. Let m be r(-11). Let s(z) = 8*z + 198. Let v be s(m). Calculate the highest common factor of 44 and v.
22
Let l be (-3 + 4)*1 + -4. Let i = 19 + l. Suppose -6*w = -9*w - j + 23, -2*w + 4*j + 20 = 0. Calculate the greatest common factor of w and i.
8
Suppose -9*n + 298 = -220 + 338. What is the greatest common factor of 15 and n?
5
Let l(i) = i**3 + 6*i**2 + 6*i. Let c be l(-4). Suppose -c*x + 1119 = 423. Let n = -77 + x. Calculate the highest common divisor of 100 and n.
10
Let l = 587 + -339. Suppose 6*g - 9*g = -3*u - 144, -5*g = -3*u - l. What is the greatest common divisor of g and 208?
52
Suppose 0 = -4*a + 2*w + 1068, -3*w + 2 = -4. Let r = a + -267. Let q be (-72)/(-21) + 12/21. What is the greatest common divisor of q and r?
1
Let f(v) = -v**2 + 3*v + 2. Let r be f(3). Let s = r - -10. Let j be (6 - 126/20)*-20. What is the highest common divisor of s and j?
6
Let s be (-1680)/(-9)*18/(-2). Let l = s - -2360. Suppose -l = -3*f + 46. What is the greatest common divisor of f and 22?
22
Let x be ((-27)/12)/9 - 909/(-4). Suppose 0 = -9*y + 268 + x. What is the greatest common divisor of 15 and y?
5
Suppose -3*b + 2412 = -90*k + 93*k, 0 = -3*k - 2*b + 2418. What is the greatest common factor of 4230 and k?
90
Suppose -4*f + 66 = z - 5, -5*f = -25. Suppose 0 = 46*i - z*i + 20. Suppose 2*u - 108 = i. Calculate the highest common factor of u and 8.
8
Suppose 605871 = -172*b + 335*b. What is the greatest common divisor of 189 and b?
63
Let y(w) be the second derivative of -43*w**3/6 + w**2 - 21*w + 1. Let n be y(-2). What is the highest common divisor of n and 8?
8
Let q = -320 - -320. Suppose -5*z + 150 = p, q = -5*p + 3*p. Calculate the greatest common divisor of z and 50.
10
Suppose s = 3 + 2. Let w(a) = -53*a + 42*a + s - 2 + 6. Let d be w(-9). What is the highest common factor of d and 27?
27
Let f(b) = -5*b + 7. Let i be f(-10). Suppose -16*p = 378 - 1594. What is the greatest common divisor of i and p?
19
Let o be (-47235)/(-94)*(-24)/(-30). What is the greatest common divisor of 2211 and o?
201
Suppose -4973*m + 18496 = -4956*m. What is the highest common factor of m and 102?
34
Let r(n) = -205*n**2 + 3*n**3 + 208*n**2 + 1 + 2*n - 4*n**3 - 4*n. Let x be r(2). Let v be -28*(2/x)/((-40)/25). What is the greatest common factor of v and 70?
35
Suppose 15*i = 759 + 621. Calculate the greatest common divisor of 60 and i.
4
Let k = 1806 - 1765. Calculate the greatest common factor of 2173 and k.
41
Suppose -9*q - 2640 = -q. Let w = -306 - q. Calculate the highest common divisor of 312 and w.
24
Let u(f) = 84*f**2. Suppose 0 = -7*b - 11 + 39. Suppose -5 = q + b*q. Let m be u(q). Calculate the greatest common divisor of m and 12.
12
Let w = -76 + -4. Let t be 3/9 - 1 - w/12. Suppose -7 = -f + l + 2*l, 0 = -3*l - t. Calculate the highest common divisor of 11 and f.
1
Suppose 5116 = 4*a - 4*w, 4*a = -3*w + 1594 + 3487. What is the highest common divisor of a and 1638?
182
Let r = -8770 - -8845. Calculate the greatest common factor of r and 780.
15
Let u(a) = -5*a**2 - 6*a - 11. Let o(d) = -14*d**2 - 18*d - 31. Let m(x) = -4*o(x) + 11*u(x). Let h be m(-9). What is the highest common divisor of h and 165?
15
Let v = -184 + 184. Suppose v = -34*f + 31*f + 480. Calculate the greatest common divisor of 96 and f.
32
Suppose -5*o + 135 = 5*j, 0*o - 4*o + 2*j + 114 = 0. Suppose -28 = -u + o. Calculate the greatest common factor of 42 and u.
14
Let h be -2 - 1*1/1. Let i be (1 + -2)/(h/27). Suppose -3*q - 2*n = -102, 0 = 3*n + 1086 - 1077. Calculate the highest common divisor of q and i.
9
Let q = 371 - 211. Suppose 0 = 2*b, -5*g + 0*b + 80 = -2*b. Calculate the greatest common divisor of g and q.
16
Suppose 4*m + 13044 = 2*a, 44*m - 49*m + 19610 = 3*a. What is the greatest common factor of a and 30?
10
Let k = -378 - -443. Let b be 2 + (-4)/(-3 - 1). Suppose m - 23 = -4*u, 3*u - 3*m - m - b = 0. Calculate the greatest common factor of k and u.
5
Let o be 6/(-5)*(-12810)/9. Suppose 4*q - o = 18*q. Let d = 210 + q. Calculate the greatest common factor of d and 8.
8
Suppose 0 = -5*x + 14 + 11. Suppose 7*j - x*j - 46 = 0. Let k = -126 - -333. Calculate the highest common factor of j and k.
23
Suppose -49*j + 17*j = 7*j - 819. Let i(u) = -105*u + 2. Let n be i(-3). Suppose 4*d - n - 19 = 0. What is the highest common divisor of d and j?
21
Suppose 0 = -4*r - 0*z - 5*z + 39, -2*r = -2*z - 6. Let q be 21/(-3 + r) + 0. Let i = -1 + q. What is the highest co